nd 252?
28
Calculate the greatest common divisor of 19 and 2071.
19
What is the greatest common divisor of 259 and 111?
37
Calculate the greatest common divisor of 18 and 24.
6
Calculate the greatest common divisor of 4 and 11.
1
Calculate the highest common divisor of 54 and 18.
18
What is the greatest common divisor of 54 and 45495?
27
What is the greatest common divisor of 1677 and 903?
129
Calculate the highest common divisor of 2100 and 225.
75
What is the greatest common divisor of 1312 and 41?
41
Calculate the greatest common factor of 1930 and 15826.
386
What is the highest common divisor of 440 and 560?
40
What is the highest common factor of 506 and 46?
46
Calculate the highest common factor of 27121 and 74.
37
Calculate the highest common factor of 1917 and 216.
27
What is the greatest common divisor of 1711 and 464?
29
What is the highest common factor of 9 and 1899?
9
What is the greatest common divisor of 14 and 79?
1
What is the greatest common factor of 341 and 22?
11
Calculate the highest common divisor of 10 and 16500.
10
Calculate the highest common factor of 20 and 32.
4
What is the highest common factor of 43 and 54137?
43
What is the greatest common divisor of 64 and 40?
8
Calculate the greatest common factor of 186 and 6.
6
Calculate the highest common divisor of 81 and 201.
3
What is the greatest common factor of 275 and 1705?
55
What is the highest common factor of 88 and 1012?
44
Calculate the highest common divisor of 1288 and 8.
8
What is the highest common divisor of 76 and 133?
19
Calculate the highest common divisor of 2047 and 89.
89
Calculate the highest common factor of 3900 and 312.
156
What is the highest common divisor of 400 and 110?
10
What is the highest common divisor of 12525 and 75?
75
Calculate the greatest common divisor of 61 and 23729.
61
What is the greatest common divisor of 135 and 4680?
45
What is the highest common divisor of 26 and 351?
13
Calculate the highest common factor of 4284 and 84.
84
What is the highest common factor of 22 and 418?
22
What is the greatest common divisor of 1605 and 1177?
107
What is the highest common divisor of 15 and 125?
5
Calculate the highest common divisor of 42 and 2310.
42
Calculate the greatest common divisor of 264 and 192.
24
Calculate the greatest common factor of 396 and 288.
36
What is the greatest common factor of 595 and 51?
17
What is the greatest common divisor of 155 and 8215?
155
Calculate the greatest common factor of 39 and 507.
39
Calculate the greatest common factor of 28 and 959.
7
What is the highest common divisor of 16 and 22?
2
Calculate the greatest common divisor of 6526 and 78.
26
What is the greatest common divisor of 21 and 189?
21
Calculate the highest common divisor of 176 and 11.
11
Calculate the greatest common divisor of 843 and 24.
3
Calculate the highest common factor of 91 and 25753.
91
Calculate the greatest common factor of 8 and 868.
4
What is the greatest common factor of 261 and 667?
29
What is the highest common factor of 221 and 2262?
13
Calculate the greatest common divisor of 156 and 108.
12
What is the greatest common factor of 219 and 1022?
73
Calculate the highest common factor of 1161 and 243.
27
What is the greatest common factor of 1000 and 75?
25
Calculate the highest common divisor of 1120 and 70.
70
Calculate the greatest common factor of 12 and 78.
6
Calculate the highest common divisor of 376 and 16.
8
What is the greatest common factor of 4130 and 105?
35
What is the greatest common factor of 368 and 69?
23
What is the highest common factor of 12 and 648?
12
What is the greatest common factor of 529 and 23?
23
Calculate the greatest common divisor of 1 and 5.
1
Calculate the greatest common factor of 374 and 44.
22
Calculate the greatest common factor of 22 and 374.
22
What is the highest common divisor of 14587 and 29?
29
Calculate the greatest common divisor of 3615 and 75.
15
What is the greatest common factor of 896 and 812?
28
What is the greatest common divisor of 36 and 876?
12
Calculate the greatest common divisor of 990 and 45.
45
Calculate the greatest common factor of 394 and 3.
1
What is the highest common divisor of 360 and 30?
30
Calculate the highest common divisor of 1392 and 36.
12
What is the highest common factor of 130 and 78?
26
Calculate the greatest common divisor of 3509 and 1421.
29
Calculate the highest common divisor of 76 and 9196.
76
What is the greatest common factor of 420 and 56?
28
Calculate the greatest common divisor of 34 and 442.
34
What is the greatest common divisor of 84 and 273?
21
Calculate the highest common divisor of 49 and 21511.
49
What is the highest common divisor of 34 and 629?
17
Calculate the greatest common divisor of 31 and 806.
31
What is the greatest common factor of 2068 and 132?
44
What is the greatest common divisor of 43258 and 86?
86
What is the highest common factor of 176 and 112?
16
What is the highest common divisor of 5 and 6025?
5
What is the greatest common divisor of 24 and 3048?
24
What is the highest common factor of 54 and 42?
6
What is the greatest common factor of 20 and 20?
20
What is the highest common factor of 84 and 24?
12
What is the highest common divisor of 160 and 30?
10
What is the greatest common factor of 20215 and 130?
65
Calculate the greatest common divisor of 1534 and 13.
13
Calculate the highest common divisor of 9 and 6.
3
What is the highest common divisor of 96 and 456?
24
What is the greatest common divisor of 763 and 7?
7
What is the highest common divisor of 6384 and 96?
48
Calculate the greatest common divisor of 25128 and 72.
72
Calculate the highest common factor of 18 and 402.
6
What is the greatest common divisor of 2429 and 7?
7
What is the highest common divisor of 138 and 322?
46
Calculate the highest common factor of 34 and 17.
17
What is the highest common divisor of 177 and 2773?
59
Calculate the highest common divisor of 3279 and 15.
3
Calculate the highest common divisor of 18 and 198.
18
What is the greatest common divisor of 24 and 37416?
24
Calculate the highest common factor of 1750 and 14.
14
What is the highest common divisor of 989 and 184?
23
Calculate the highest common divisor of 300 and 95.
5
What is the greatest common factor of 180 and 3270?
30
What is the greatest common factor of 370 and 1810?
10
What is the highest common divisor of 100 and 1188?
4
What is the greatest common divisor of 17 and 1411?
17
What is the greatest common factor of 744 and 9?
3
Calculate the greatest common divisor of 60 and 1740.
60
Calculate the greatest common factor of 160 and 416.
32
Calculate the highest common factor of 33 and 16027.
11
What is the greatest common divisor of 299 and 13?
13
What is the highest common divisor of 17 and 5321?
17
What is the highest common divisor of 32 and 5448?
8
What is the greatest common factor of 387 and 3139?
43
Calculate the greatest common divisor of 7 and 24.
1
What is the highest common factor of 72 and 2232?
72
What is the highest common factor of 1256 and 16?
8
What is the greatest common divisor of 1071 and 1989?
153
What is the highest common factor of 133 and 38?
19
What is the greatest common factor of 4347 and 54?
27
What is the greatest common divisor of 323 and 34?
17
Calculate the highest common divisor of 32 and 72.
8
What is the highest common divisor of 1365 and 1274?
91
Calculate the highest common divisor of 4032 and 24.
24
What is the highest common divisor of 91 and 208?
13
Calculate the greatest common divisor of 138 and 15387.
69
What is the highest common factor of 1641 and 6?
3
Calculate the highest common factor of 17 and 136.
17
What is the highest common factor of 104 and 117?
13
What is the greatest common divisor of 12 and 492?
12
Calculate the highest common factor of 2415 and 23.
23
Calculate the highest common divisor of 728 and 104.
104
What is the greatest common divisor of 1927 and 2624?
41
What is the highest common factor of 246 and 6232?
82
What is the highest common factor of 96 and 12?
12
Calculate the greatest common factor of 10 and 2790.
10
Calculate the greatest common divisor of 124 and 124.
124
What is the greatest common divisor of 43 and 26?
1
What is the greatest common factor of 104 and 182?
26
What is the 